te the remainder when l(8) is divided by 2.
0
Let w(z) = z - 2*z + 2*z - 9 - 2*z. Let r be w(-11). Suppose -20 = 2*v - r*t - 58, 0 = 5*t. What is the remainder when v is divided by 11?
8
Suppose -a + 3 = c - 3, 0 = -5*c. Let m = a - -3. Suppose 2*v - 13 = 19. Calculate the remainder when v is divided by m.
7
Suppose -x + 44 = x. Suppose -18 = -3*s + 3*t + 9, 45 = 5*s - t. What is the remainder when x is divided by s?
4
Let g(x) = 8*x**2 - 33*x + 57. Let p(a) = -2*a**3 - 4*a**2 - 2. Calculate the remainder when p(-5) is divided by g(3).
28
Let b(r) = 3 + 0 + 3*r - 4. Let n be b(2). Suppose n*j = 9*j - 56. What is the remainder when 81 is divided by j?
11
Let l = 96 + -89. Calculate the remainder when 75 is divided by l.
5
Let m = -8 - -4. Suppose -q - 14 = -3*q. What is the remainder when q is divided by m/5*(2 + (-38)/4)?
1
Let r = 1642 - 1625. What is the remainder when 166 is divided by r?
13
Suppose 146*n - 158*n + 1848 = 0. Calculate the remainder when n is divided by 16.
10
Let r(m) = m**2 + 10*m. Let x be r(-8). Suppose 2*u - 6 = -2. Let t = u - x. What is the remainder when 52 is divided by t?
16
Let u be ((-10)/(-5) + -5)*-5. Let z = 31 - u. Calculate the remainder when 0/2 - (2 - 62) is divided by z.
12
Let v be (20*5/20)/(1/23). Suppose -2*h - v = -5*x, 4*x - 5*h - 69 = 6. What is the remainder when 94 is divided by x?
19
Let d = 38 + 48. Let p(h) = -h + 1. Let j be p(-3). What is the remainder when d is divided by (-176)/(-12)*6/j?
20
Suppose 0 = c + 2*c. Let x be 5 + c + 0/3. Let g = 24 - x. What is the remainder when 56 is divided by g?
18
Let f(t) = -t**3 + 2*t**2 + 65*t + 6. Let v = 8 + 0. Calculate the remainder when v is divided by f(0).
2
Suppose 0 = 5*d - 6 + 76. Let q(t) = t**2 + 14*t + 24. Let g = -97 + 191. Calculate the remainder when g is divided by q(d).
22
Let y = 26 + -17. What is the remainder when y is divided by 2/10 + 174/30?
3
Suppose -h + 3*h = 30. Suppose 29*j = 26*j + h. What is the remainder when 28 is divided by j?
3
Let t = -30 + 33. Let q(x) = -x**t + 1 - 6*x**2 + 15*x**2 - 5*x**2 - 3*x. What is the remainder when 3 is divided by q(2)?
0
Suppose 1011 = -2*x + 1357. What is the remainder when x is divided by 59?
55
Let p be -100*((-2)/4)/(1/1). Let t = p - 30. Calculate the remainder when t is divided by 7.
6
Suppose 6*u + 53 + 19 = 0. What is the remainder when u/(-9)*-6*(-2)/4 is divided by 3?
1
Suppose -3*x + 4*s + 130 = 2*x, -5*x - 5*s + 130 = 0. What is the remainder when 388 is divided by x?
24
Let s be (-7)/(-4) - (-1)/4. Suppose -30 = -s*i - i. Calculate the remainder when 27 is divided by i.
7
Let q(x) = x**2 + 10*x - 69. Calculate the remainder when q(10) is divided by 23.
16
Let h be (-2 - 2 - -5) + -113*1. Let y = h - -123. What is the remainder when y is divided by 6?
5
Let f(g) = 8*g**2 - 20*g + 17. Calculate the remainder when f(11) is divided by 64.
61
Suppose 2*j = 2*m, 0*m - 40 = -3*j - 5*m. Suppose 0*a - 3*a = -j*g - 22, 2*a = -4*g. What is the remainder when 13 is divided by a?
1
Let a = 643 - 571. Calculate the remainder when a is divided by 20.
12
Let w = 17 - 9. Let q = -385 - -386. Let t = w + q. Calculate the remainder when 24 is divided by t.
6
Let p be ((-3)/5)/(2/(-20)). Calculate the remainder when (-16)/(-3) - (-4)/p is divided by 2.
0
Let h(s) = 6*s + 1. What is the remainder when h(10) is divided by 16?
13
Let n(g) be the second derivative of g**3/6 + 43*g**2/2 - 19*g. Calculate the remainder when 33 is divided by n(-21).
11
Let z = 15 - 15. Suppose z = -3*a + 1 + 32. Let r = -6 - -10. Calculate the remainder when a is divided by r.
3
Let v be -3 + 3 + (10 - 0). Let j = -11 + 16. Suppose j*h = -q - 4, 4*q - 40 = 3*h - v. What is the remainder when 9 is divided by q?
3
Let v be (-83)/(-9) - (-7)/(252/(-8)). Suppose 0 = n - v - 1. Calculate the remainder when 59 is divided by n.
9
Suppose -5*w + 33 = l + 6, -w - 2*l = -9. Suppose -w*t = -2*t - 147. Let i = 9 + 1. What is the remainder when t is divided by i?
9
Suppose -5*n + 325 = -28*p + 31*p, 3*n = -p + 107. Calculate the remainder when p is divided by 23.
18
Let a(h) = h**2 - 4*h + 5. Let t be a(4). Suppose t*g = 7*g - 86. Calculate the remainder when g is divided by 16.
11
Suppose 0 = 3*f - 56 + 5. Let n = -7 + 1. Let v(b) = b**3 + 8*b**2 + 7*b + 2. What is the remainder when v(n) is divided by f?
15
Let u = 530 + -476. What is the remainder when 107 is divided by u?
53
Let u = 603 + 269. What is the remainder when u is divided by 25?
22
Calculate the remainder when (-372)/(-20)*4 + 14/(-35) is divided by 25.
24
Calculate the remainder when (-1 + 25/2)*2 is divided by (3/(-1) - (10 - 19))*(4 + -3).
5
Let b = 105 + -93. Suppose 185 = 7*s - 1656. What is the remainder when s is divided by b?
11
Let p be (-7)/(70/675) - 2/4. Let v = p + 115. What is the remainder when v is divided by 20?
7
Let p(x) = x**3 + 17*x**2 + 28*x - 13. Suppose -g + 45 + 3 = 0. Calculate the remainder when g is divided by p(-15).
14
Suppose 6*h - 3*h = -24. What is the remainder when 59 is divided by (30/h)/(2/(-8))?
14
Suppose 3*d + 484 = 25*d. Calculate the remainder when d is divided by 15.
7
Let u(v) = v**2 + 2*v - 4. Let j be u(-4). Suppose j*k - k = 339. What is the remainder when k is divided by 23?
21
Suppose 5*z - 4*l - 146 = 0, 2*z - 7*z + 114 = 4*l. Let r = 289 + -274. What is the remainder when z is divided by r?
11
Let n(j) = 17*j + 1. Let c be n(1). Suppose -c - 43 = -l. Let p(i) = i**3 + 18*i**2 + 30*i - 16. What is the remainder when l is divided by p(-16)?
13
Let h(d) = -5*d**3 - 8*d**2 - 2*d + 4. Let x(u) = -5*u**3 - 7*u**2 - 2*u + 3. Let v(c) = -3*h(c) + 4*x(c). Calculate the remainder when v(-2) is divided by 15.
13
Let j(x) = -3*x**3 + 3*x**2 + 3*x. Let a be j(-2). Let r = -28 + a. Suppose -2*g + 4*y + 96 = -y, g - 47 = r*y. What is the remainder when g is divided by 11?
10
Let a(z) be the second derivative of -1/2*z**3 + 0 + 5*z**2 - z. What is the remainder when a(-11) is divided by 15?
13
Suppose 0 = 3*g + k - 83, k - 110 = g - 5*g. Suppose 4*b - 86 = 446. Calculate the remainder when b is divided by g.
25
Suppose 4*s = -2*j + 360, 6*j = 5*s + j - 480. Calculate the remainder when s is divided by 24.
20
Let b be 1 - (-3)/(-6)*2. Let y be (-3 + 5 + b)/(-2). Let n = 13 + y. What is the remainder when 23 is divided by n?
11
Let r be (-6 - 1059/(-27)) + 2/(-9). Let j = 57 - r. Calculate the remainder when 69 is divided by j.
21
Let s = 61 - 17. Calculate the remainder when s is divided by 29.
15
Let p(c) = -c**2 - 8*c - 2. Let y be (-143)/55 - (-2)/(-5). Calculate the remainder when 47 is divided by p(y).
8
Suppose -4*n + 616 = -100. What is the remainder when n is divided by ((-1148)/(-22) + (-130)/110 + 1)/2?
23
Suppose 3*t + 14*t = 408. Let b(k) = -k**3 - k**2 + 9*k - 8. Calculate the remainder when b(-6) is divided by t.
22
Let b(z) = 4*z**2 + 6*z + 4. Let h be b(-8). Suppose 4*q = h - 80. Let k(s) = s**2 + 4*s - 4. What is the remainder when q is divided by k(3)?
16
Let c be (-4950)/(-40) - (-2)/8. Suppose 6*i = 10*i + c. Let l = i + 60. Calculate the remainder when l is divided by 16.
13
Suppose 2 + 18 = 4*a. Suppose 3*z - a*o = 352, 5*o - 106 = -z + o. Calculate the remainder when z is divided by 23.
22
Suppose 4*d - 144 = -d - 4*b, 60 = 2*d + 4*b. Suppose -82 = -5*z + d. Calculate the remainder when 43 is divided by z.
21
Calculate the remainder when (-64)/(-28) + -2 - 1716/(-21) is divided by 36.
10
Let d be ((-16)/(-20))/(2/15). Let t(w) = 2*w - w**2 + 8*w**2 + 7 - d*w**2. What is the remainder when t(-5) is divided by 12?
10
Suppose 14*d - 450 = -30. Calculate the remainder when 176 is divided by d.
26
Let r = 9 + 4. Calculate the remainder when (-2 - 2) + (-4 - -95) is divided by r.
9
Let y = 876 + -726. Calculate the remainder when 182 is divided by y.
32
Suppose -6*s + 5*s = -3*y - 50, -3*y = 3*s - 162. What is the remainder when s/((0 - -3)/3) is divided by 14?
11
Calculate the remainder when -65*(-2)/30*36 is divided by 25.
6
Let k(l) = l + 10. Let m be k(0). Suppose 4*a + z - 826 = 4*z, -622 = -3*a + z. Suppose 0 = 14*d - m*d - a. Calculate the remainder when d is divided by 18.
16
What is the remainder when 878 is divided by (3 - 12) + (-80)/(-4)?
9
Let u = -464 - -466. What is the remainder when u is divided